{"id":3046,"date":"2016-01-13T06:49:12","date_gmt":"2016-01-13T05:49:12","guid":{"rendered":"http:\/\/ericante.fr\/?page_id=3046"},"modified":"2026-08-28T10:31:25","modified_gmt":"2026-08-28T08:31:25","slug":"cartes","status":"publish","type":"page","link":"https:\/\/ericante.fr\/?page_id=3046","title":{"rendered":"Les cartes"},"content":{"rendered":"<ul>\n<li><a href=\"https:\/\/www.google.com\/maps\/d\/edit?mid=165pmN0npmS4cA9UPDyzDs_TCD_eC3PcV&amp;usp=sharing\">2010<\/a>\u00a0de Cou\u00ebron \u00e0 Brest<\/li>\n<li><a href=\"https:\/\/www.google.com\/maps\/d\/edit?mid=1bcHmXnrkjoiis6hpwBayWQgg4kA&amp;usp=sharing\">2011<\/a>\u00a0Tour de l&rsquo;Irlande<\/li>\n<li><a href=\"https:\/\/www.google.com\/maps\/d\/edit?mid=1VETFgFcISfilE_uwIXmRz8h8HIE&amp;usp=sharing\">2012<\/a> Tour de la p\u00e9ninsule ib\u00e9rique<\/li>\n<li><a href=\"https:\/\/www.google.com\/maps\/d\/edit?mid=1uM84UGsKJtdCmp1LKPlVKFTjjZY&amp;usp=sharing\">2013<\/a> de la mer du Nord aux Canaries<\/li>\n<li><a href=\"https:\/\/www.google.com\/maps\/d\/edit?mid=1aij29EHZaeZsc1naD-E0HN623SE&amp;ll=27.27640122299559%2C-10.635466187500015&amp;z=4\">2014<\/a> des Canaries en Sicile en passant par les Acores.<\/li>\n<li><a href=\"https:\/\/www.google.com\/maps\/d\/edit?mid=1VYLFjXtHVTPx403xwAupyHVRlvI&amp;usp=sharing\">2015<\/a> Tour de l&rsquo;Adriatique<\/li>\n<li><a href=\"https:\/\/www.google.com\/maps\/d\/edit?mid=1_setE0F8z3vkfXJEOxgKX5Xo7u4&amp;usp=sharing\">2016<\/a>\u00a0Gr\u00e8ce<\/li>\n<li><a href=\"https:\/\/www.google.com\/maps\/d\/viewer?mid=12uTHUzQB7Bqagk18J1TzQiveY40&amp;ll=39.440918062632406%2C10.899918093749989&amp;z=6\">2017<\/a> M\u00e9diterran\u00e9e<\/li>\n<li><a href=\"https:\/\/www.google.com\/maps\/d\/edit?mid=18nsqwM6GTvQTzNOqN8fwKnnweZEDD8M4&amp;ll=41.787308313653405%2C0.022546599999941463&amp;z=4\">2018<\/a>\u00a0Retour \u00e0 Brest<\/li>\n<li><a href=\"https:\/\/www.google.com\/maps\/d\/edit?mid=1SMuxlHb-93YBXohC9Y9bZ_IEI3TgXVQE&amp;usp=sharing\">2019<\/a>\u00a0Ecosse, croisi\u00e8re \u00e9court\u00e9e<\/li>\n<li><a href=\"https:\/\/www.google.com\/maps\/d\/edit?mid=165pmN0npmS4cA9UPDyzDs_TCD_eC3PcV&amp;usp=sharing\">2020 d&rsquo;Ericante \u00e0 Megawat<\/a><\/li>\n<li><a href=\"https:\/\/www.google.com\/maps\/d\/edit?hl=fr&amp;mid=1p1UhfNDOY0N4pe7qaPbkviOJUiFuVSv0&amp;ll=42.96559220774399%2C3.100483208754814&amp;z=8\">2022 Canal du midi<\/a><\/li>\n<li><a href=\"https:\/\/www.google.com\/maps\/d\/edit?hl=fr-CA&amp;mid=1M5vXJ9jpYTAkk5-oUswn9cONv_S0ikE&amp;ll=44.36042592943984%2C0.226891112763421&amp;z=9\">2023 Retour en Bretagne<\/a><\/li>\n<li><a href=\"https:\/\/www.google.com\/maps\/d\/edit?hl=fr-CA&amp;mid=1dGHrmkVVqMSisR7HFoW6z-9oLX7aFwg&amp;ll=48.056775667739196%2C-1.1635131687499989&amp;z=8\">2024 \u00a0Les canaux bretons<\/a><\/li>\n<li><a href=\"https:\/\/www.google.com\/maps\/d\/edit?hl=fr-CA&amp;mid=1TjEJ_pAbej2YAlowMI0XtTBuutJOK4A&amp;ll=47.98097261804045%2C-1.7561462218534083&amp;z=8\">2025<\/a><\/li>\n<li><a href=\"https:\/\/www.google.com\/maps\/d\/edit?hl=fr-CA&amp;mid=1zGP5Ek2fSjFY1WlaBcL8MGHvQbP3AjI&amp;ll=48.019105096191495%2C-3.283477373258128&amp;z=9\">2026 Bretagne Sud<\/a><\/li>\n<\/ul>\n<p>&nbsp;<\/p>\n","protected":false},"excerpt":{"rendered":"<p>2010\u00a0de Cou\u00ebron \u00e0 Brest 2011\u00a0Tour de l&rsquo;Irlande 2012 Tour de la p\u00e9ninsule ib\u00e9rique 2013 de la mer du Nord aux Canaries 2014 des Canaries en Sicile en passant par les Acores. 2015 Tour de l&rsquo;Adriatique 2016\u00a0Gr\u00e8ce 2017 M\u00e9diterran\u00e9e 2018\u00a0Retour \u00e0 &hellip; <a href=\"https:\/\/ericante.fr\/?page_id=3046\">Continuer la lecture <span class=\"meta-nav\">&rarr;<\/span><\/a><\/p>\n","protected":false},"author":1,"featured_media":0,"parent":0,"menu_order":3,"comment_status":"closed","ping_status":"closed","template":"","meta":{"_monsterinsights_skip_tracking":false,"_uf_show_specific_survey":0,"_uf_disable_surveys":false,"footnotes":""},"class_list":["post-3046","page","type-page","status-publish","hentry"],"_links":{"self":[{"href":"https:\/\/ericante.fr\/index.php?rest_route=\/wp\/v2\/pages\/3046","targetHints":{"allow":["GET"]}}],"collection":[{"href":"https:\/\/ericante.fr\/index.php?rest_route=\/wp\/v2\/pages"}],"about":[{"href":"https:\/\/ericante.fr\/index.php?rest_route=\/wp\/v2\/types\/page"}],"author":[{"embeddable":true,"href":"https:\/\/ericante.fr\/index.php?rest_route=\/wp\/v2\/users\/1"}],"replies":[{"embeddable":true,"href":"https:\/\/ericante.fr\/index.php?rest_route=%2Fwp%2Fv2%2Fcomments&post=3046"}],"version-history":[{"count":5,"href":"https:\/\/ericante.fr\/index.php?rest_route=\/wp\/v2\/pages\/3046\/revisions"}],"predecessor-version":[{"id":10570,"href":"https:\/\/ericante.fr\/index.php?rest_route=\/wp\/v2\/pages\/3046\/revisions\/10570"}],"wp:attachment":[{"href":"https:\/\/ericante.fr\/index.php?rest_route=%2Fwp%2Fv2%2Fmedia&parent=3046"}],"curies":[{"name":"wp","href":"https:\/\/api.w.org\/{rel}","templated":true}]}}

<ul>
<li><a href="https://www.google.com/maps/d/edit?mid=165pmN0npmS4cA9UPDyzDs_TCD_eC3PcV&amp;usp=sharing">2010</a> de Couëron à Brest</li>
<li><a href="https://www.google.com/maps/d/edit?mid=1bcHmXnrkjoiis6hpwBayWQgg4kA&amp;usp=sharing">2011</a> Tour de l&rsquo;Irlande</li>
<li><a href="https://www.google.com/maps/d/edit?mid=1VETFgFcISfilE_uwIXmRz8h8HIE&amp;usp=sharing">2012</a> Tour de la péninsule ibérique</li>
<li><a href="https://www.google.com/maps/d/edit?mid=1uM84UGsKJtdCmp1LKPlVKFTjjZY&amp;usp=sharing">2013</a> de la mer du Nord aux Canaries</li>
<li><a href="https://www.google.com/maps/d/edit?mid=1aij29EHZaeZsc1naD-E0HN623SE&amp;ll=27.27640122299559%2C-10.635466187500015&amp;z=4">2014</a> des Canaries en Sicile en passant par les Acores.</li>
<li><a href="https://www.google.com/maps/d/edit?mid=1VYLFjXtHVTPx403xwAupyHVRlvI&amp;usp=sharing">2015</a> Tour de l&rsquo;Adriatique</li>
<li><a href="https://www.google.com/maps/d/edit?mid=1_setE0F8z3vkfXJEOxgKX5Xo7u4&amp;usp=sharing">2016</a> Grèce</li>
<li><a href="https://www.google.com/maps/d/viewer?mid=12uTHUzQB7Bqagk18J1TzQiveY40&amp;ll=39.440918062632406%2C10.899918093749989&amp;z=6">2017</a> Méditerranée</li>
<li><a href="https://www.google.com/maps/d/edit?mid=18nsqwM6GTvQTzNOqN8fwKnnweZEDD8M4&amp;ll=41.787308313653405%2C0.022546599999941463&amp;z=4">2018</a> Retour à Brest</li>
<li><a href="https://www.google.com/maps/d/edit?mid=1SMuxlHb-93YBXohC9Y9bZ_IEI3TgXVQE&amp;usp=sharing">2019</a> Ecosse, croisière écourtée</li>
<li><a href="https://www.google.com/maps/d/edit?mid=165pmN0npmS4cA9UPDyzDs_TCD_eC3PcV&amp;usp=sharing">2020 d&rsquo;Ericante à Megawat</a></li>
<li><a href="https://www.google.com/maps/d/edit?hl=fr&amp;mid=1p1UhfNDOY0N4pe7qaPbkviOJUiFuVSv0&amp;ll=42.96559220774399%2C3.100483208754814&amp;z=8">2022 Canal du midi</a></li>
<li><a href="https://www.google.com/maps/d/edit?hl=fr-CA&amp;mid=1M5vXJ9jpYTAkk5-oUswn9cONv_S0ikE&amp;ll=44.36042592943984%2C0.226891112763421&amp;z=9">2023 Retour en Bretagne</a></li>
<li><a href="https://www.google.com/maps/d/edit?hl=fr-CA&amp;mid=1dGHrmkVVqMSisR7HFoW6z-9oLX7aFwg&amp;ll=48.056775667739196%2C-1.1635131687499989&amp;z=8">2024  Les canaux bretons</a></li>
<li><a href="https://www.google.com/maps/d/edit?hl=fr-CA&amp;mid=1TjEJ_pAbej2YAlowMI0XtTBuutJOK4A&amp;ll=47.98097261804045%2C-1.7561462218534083&amp;z=8">2025</a></li>
<li><a href="https://www.google.com/maps/d/edit?hl=fr-CA&amp;mid=1zGP5Ek2fSjFY1WlaBcL8MGHvQbP3AjI&amp;ll=48.019105096191495%2C-3.283477373258128&amp;z=9">2026 Bretagne Sud</a></li>
</ul>
<p>&nbsp;</p>

<p>2010 de Couëron à Brest 2011 Tour de l&rsquo;Irlande 2012 Tour de la péninsule ibérique 2013 de la mer du Nord aux Canaries 2014 des Canaries en Sicile en passant par les Acores. 2015 Tour de l&rsquo;Adriatique 2016 Grèce 2017 Méditerranée 2018 Retour à &hellip; <a href="https://ericante.fr/?page_id=3046">Continuer la lecture <span class="meta-nav">&rarr;</span></a></p>
