{"id":5996,"date":"2019-06-23T16:56:28","date_gmt":"2019-06-23T15:56:28","guid":{"rendered":"http:\/\/ericante.fr\/wp-content\/uploads\/2019\/06\/558-San-Juan-de-Arena-mercredi-8-ao\u00fbt-2018-\u00e0-20h30.jpg"},"modified":"2019-06-23T16:56:28","modified_gmt":"2019-06-23T15:56:28","slug":"558-san-juan-de-arena-mercredi-8-aout-2018-a-20h30","status":"inherit","type":"attachment","link":"https:\/\/ericante.fr\/?attachment_id=5996","title":{"rendered":"558 San Juan de Arena mercredi 8 ao\u00fbt 2018 \u00e0 20h30"},"author":1,"featured_media":0,"comment_status":"open","ping_status":"closed","template":"","meta":{"_monsterinsights_skip_tracking":false,"_monsterinsights_sitenote_active":false,"_monsterinsights_sitenote_note":"","_monsterinsights_sitenote_category":0,"_uf_show_specific_survey":0,"_uf_disable_surveys":false},"class_list":["post-5996","attachment","type-attachment","status-inherit","hentry"],"description":{"rendered":"<p class=\"attachment\"><a href='https:\/\/ericante.fr\/wp-content\/uploads\/2019\/06\/558-San-Juan-de-Arena-mercredi-8-ao\u00fbt-2018-\u00e0-20h30.jpg'><img loading=\"lazy\" decoding=\"async\" width=\"300\" height=\"225\" src=\"https:\/\/ericante.fr\/wp-content\/uploads\/2019\/06\/558-San-Juan-de-Arena-mercredi-8-ao\u00fbt-2018-\u00e0-20h30-300x225.jpg\" class=\"attachment-medium size-medium\" alt=\"\" srcset=\"https:\/\/ericante.fr\/wp-content\/uploads\/2019\/06\/558-San-Juan-de-Arena-mercredi-8-ao\u00fbt-2018-\u00e0-20h30-300x225.jpg 300w, https:\/\/ericante.fr\/wp-content\/uploads\/2019\/06\/558-San-Juan-de-Arena-mercredi-8-ao\u00fbt-2018-\u00e0-20h30-768x576.jpg 768w, https:\/\/ericante.fr\/wp-content\/uploads\/2019\/06\/558-San-Juan-de-Arena-mercredi-8-ao\u00fbt-2018-\u00e0-20h30.jpg 992w\" sizes=\"auto, (max-width: 300px) 100vw, 300px\" \/><\/a><\/p>\n"},"caption":{"rendered":""},"alt_text":"","media_type":"image","mime_type":"image\/jpeg","media_details":{"width":992,"height":744,"file":"2019\/06\/558-San-Juan-de-Arena-mercredi-8-ao\u00fbt-2018-\u00e0-20h30.jpg","sizes":{"thumbnail":{"file":"558-San-Juan-de-Arena-mercredi-8-ao\u00fbt-2018-\u00e0-20h30-150x150.jpg","width":150,"height":150,"mime_type":"image\/jpeg","source_url":"https:\/\/ericante.fr\/wp-content\/uploads\/2019\/06\/558-San-Juan-de-Arena-mercredi-8-ao\u00fbt-2018-\u00e0-20h30-150x150.jpg"},"medium":{"file":"558-San-Juan-de-Arena-mercredi-8-ao\u00fbt-2018-\u00e0-20h30-300x225.jpg","width":300,"height":225,"mime_type":"image\/jpeg","source_url":"https:\/\/ericante.fr\/wp-content\/uploads\/2019\/06\/558-San-Juan-de-Arena-mercredi-8-ao\u00fbt-2018-\u00e0-20h30-300x225.jpg"},"medium_large":{"file":"558-San-Juan-de-Arena-mercredi-8-ao\u00fbt-2018-\u00e0-20h30-768x576.jpg","width":768,"height":576,"mime_type":"image\/jpeg","source_url":"https:\/\/ericante.fr\/wp-content\/uploads\/2019\/06\/558-San-Juan-de-Arena-mercredi-8-ao\u00fbt-2018-\u00e0-20h30-768x576.jpg"},"post-thumbnail":{"file":"558-San-Juan-de-Arena-mercredi-8-ao\u00fbt-2018-\u00e0-20h30-940x198.jpg","width":940,"height":198,"mime_type":"image\/jpeg","source_url":"https:\/\/ericante.fr\/wp-content\/uploads\/2019\/06\/558-San-Juan-de-Arena-mercredi-8-ao\u00fbt-2018-\u00e0-20h30-940x198.jpg"},"full":{"file":"558-San-Juan-de-Arena-mercredi-8-ao\u00fbt-2018-\u00e0-20h30.jpg","width":992,"height":744,"mime_type":"image\/jpeg","source_url":"https:\/\/ericante.fr\/wp-content\/uploads\/2019\/06\/558-San-Juan-de-Arena-mercredi-8-ao\u00fbt-2018-\u00e0-20h30.jpg"}},"image_meta":{"aperture":"2.2","credit":"","camera":"iPhone 6","caption":"","created_timestamp":"1533760505","copyright":"","focal_length":"4.15","iso":"32","shutter_speed":"0.0093457943925234","title":"","orientation":"1","keywords":[]}},"post":null,"source_url":"https:\/\/ericante.fr\/wp-content\/uploads\/2019\/06\/558-San-Juan-de-Arena-mercredi-8-ao\u00fbt-2018-\u00e0-20h30.jpg","_links":{"self":[{"href":"https:\/\/ericante.fr\/index.php?rest_route=\/wp\/v2\/media\/5996","targetHints":{"allow":["GET"]}}],"collection":[{"href":"https:\/\/ericante.fr\/index.php?rest_route=\/wp\/v2\/media"}],"about":[{"href":"https:\/\/ericante.fr\/index.php?rest_route=\/wp\/v2\/types\/attachment"}],"author":[{"embeddable":true,"href":"https:\/\/ericante.fr\/index.php?rest_route=\/wp\/v2\/users\/1"}],"replies":[{"embeddable":true,"href":"https:\/\/ericante.fr\/index.php?rest_route=%2Fwp%2Fv2%2Fcomments&post=5996"}]}}

http://ericante.fr/wp-content/uploads/2019/06/558-San-Juan-de-Arena-mercredi-8-août-2018-à-20h30.jpg

558 San Juan de Arena mercredi 8 août 2018 à 20h30

<p class="attachment"><a href='https://ericante.fr/wp-content/uploads/2019/06/558-San-Juan-de-Arena-mercredi-8-août-2018-à-20h30.jpg'><img loading="lazy" decoding="async" width="300" height="225" src="https://ericante.fr/wp-content/uploads/2019/06/558-San-Juan-de-Arena-mercredi-8-août-2018-à-20h30-300x225.jpg" class="attachment-medium size-medium" alt="" srcset="https://ericante.fr/wp-content/uploads/2019/06/558-San-Juan-de-Arena-mercredi-8-août-2018-à-20h30-300x225.jpg 300w, https://ericante.fr/wp-content/uploads/2019/06/558-San-Juan-de-Arena-mercredi-8-août-2018-à-20h30-768x576.jpg 768w, https://ericante.fr/wp-content/uploads/2019/06/558-San-Juan-de-Arena-mercredi-8-août-2018-à-20h30.jpg 992w" sizes="auto, (max-width: 300px) 100vw, 300px" /></a></p>

2019/06/558-San-Juan-de-Arena-mercredi-8-août-2018-à-20h30.jpg

558-San-Juan-de-Arena-mercredi-8-août-2018-à-20h30-150x150.jpg

https://ericante.fr/wp-content/uploads/2019/06/558-San-Juan-de-Arena-mercredi-8-août-2018-à-20h30-150x150.jpg

558-San-Juan-de-Arena-mercredi-8-août-2018-à-20h30-300x225.jpg

https://ericante.fr/wp-content/uploads/2019/06/558-San-Juan-de-Arena-mercredi-8-août-2018-à-20h30-300x225.jpg

558-San-Juan-de-Arena-mercredi-8-août-2018-à-20h30-768x576.jpg

https://ericante.fr/wp-content/uploads/2019/06/558-San-Juan-de-Arena-mercredi-8-août-2018-à-20h30-768x576.jpg

558-San-Juan-de-Arena-mercredi-8-août-2018-à-20h30-940x198.jpg

https://ericante.fr/wp-content/uploads/2019/06/558-San-Juan-de-Arena-mercredi-8-août-2018-à-20h30-940x198.jpg

558-San-Juan-de-Arena-mercredi-8-août-2018-à-20h30.jpg

https://ericante.fr/wp-content/uploads/2019/06/558-San-Juan-de-Arena-mercredi-8-août-2018-à-20h30.jpg
