{"id":5991,"date":"2019-06-23T15:38:29","date_gmt":"2019-06-23T14:38:29","guid":{"rendered":"http:\/\/ericante.fr\/wp-content\/uploads\/2019\/06\/562-Bilbao-dimanche-19-ao\u00fbt-2018-\u00e0-9h15.jpeg"},"modified":"2019-06-23T15:38:29","modified_gmt":"2019-06-23T14:38:29","slug":"562-bilbao-dimanche-19-aout-2018-a-9h15","status":"inherit","type":"attachment","link":"https:\/\/ericante.fr\/?attachment_id=5991","title":{"rendered":"562 Bilbao dimanche 19 ao\u00fbt 2018 \u00e0 9h15"},"author":1,"featured_media":0,"comment_status":"open","ping_status":"closed","template":"","meta":{"_monsterinsights_skip_tracking":false,"_monsterinsights_sitenote_active":false,"_monsterinsights_sitenote_note":"","_monsterinsights_sitenote_category":0,"_uf_show_specific_survey":0,"_uf_disable_surveys":false},"class_list":["post-5991","attachment","type-attachment","status-inherit","hentry"],"description":{"rendered":"<p class=\"attachment\"><a href='https:\/\/ericante.fr\/wp-content\/uploads\/2019\/06\/562-Bilbao-dimanche-19-ao\u00fbt-2018-\u00e0-9h15.jpeg'><img loading=\"lazy\" decoding=\"async\" width=\"300\" height=\"149\" src=\"https:\/\/ericante.fr\/wp-content\/uploads\/2019\/06\/562-Bilbao-dimanche-19-ao\u00fbt-2018-\u00e0-9h15-300x149.jpeg\" class=\"attachment-medium size-medium\" alt=\"\" srcset=\"https:\/\/ericante.fr\/wp-content\/uploads\/2019\/06\/562-Bilbao-dimanche-19-ao\u00fbt-2018-\u00e0-9h15-300x149.jpeg 300w, https:\/\/ericante.fr\/wp-content\/uploads\/2019\/06\/562-Bilbao-dimanche-19-ao\u00fbt-2018-\u00e0-9h15-768x382.jpeg 768w, https:\/\/ericante.fr\/wp-content\/uploads\/2019\/06\/562-Bilbao-dimanche-19-ao\u00fbt-2018-\u00e0-9h15.jpeg 992w\" sizes=\"auto, (max-width: 300px) 100vw, 300px\" \/><\/a><\/p>\n"},"caption":{"rendered":""},"alt_text":"","media_type":"image","mime_type":"image\/jpeg","media_details":{"width":992,"height":494,"file":"2019\/06\/562-Bilbao-dimanche-19-ao\u00fbt-2018-\u00e0-9h15.jpeg","sizes":{"thumbnail":{"file":"562-Bilbao-dimanche-19-ao\u00fbt-2018-\u00e0-9h15-150x150.jpeg","width":150,"height":150,"mime_type":"image\/jpeg","source_url":"https:\/\/ericante.fr\/wp-content\/uploads\/2019\/06\/562-Bilbao-dimanche-19-ao\u00fbt-2018-\u00e0-9h15-150x150.jpeg"},"medium":{"file":"562-Bilbao-dimanche-19-ao\u00fbt-2018-\u00e0-9h15-300x149.jpeg","width":300,"height":149,"mime_type":"image\/jpeg","source_url":"https:\/\/ericante.fr\/wp-content\/uploads\/2019\/06\/562-Bilbao-dimanche-19-ao\u00fbt-2018-\u00e0-9h15-300x149.jpeg"},"medium_large":{"file":"562-Bilbao-dimanche-19-ao\u00fbt-2018-\u00e0-9h15-768x382.jpeg","width":768,"height":382,"mime_type":"image\/jpeg","source_url":"https:\/\/ericante.fr\/wp-content\/uploads\/2019\/06\/562-Bilbao-dimanche-19-ao\u00fbt-2018-\u00e0-9h15-768x382.jpeg"},"post-thumbnail":{"file":"562-Bilbao-dimanche-19-ao\u00fbt-2018-\u00e0-9h15-940x198.jpeg","width":940,"height":198,"mime_type":"image\/jpeg","source_url":"https:\/\/ericante.fr\/wp-content\/uploads\/2019\/06\/562-Bilbao-dimanche-19-ao\u00fbt-2018-\u00e0-9h15-940x198.jpeg"},"full":{"file":"562-Bilbao-dimanche-19-ao\u00fbt-2018-\u00e0-9h15.jpeg","width":992,"height":494,"mime_type":"image\/jpeg","source_url":"https:\/\/ericante.fr\/wp-content\/uploads\/2019\/06\/562-Bilbao-dimanche-19-ao\u00fbt-2018-\u00e0-9h15.jpeg"}},"image_meta":{"aperture":"2.2","credit":"","camera":"SM-J250Y","caption":"","created_timestamp":"1534670034","copyright":"","focal_length":"3.3","iso":"40","shutter_speed":"0.00044863167339614","title":"","orientation":"1","keywords":[]}},"post":null,"source_url":"https:\/\/ericante.fr\/wp-content\/uploads\/2019\/06\/562-Bilbao-dimanche-19-ao\u00fbt-2018-\u00e0-9h15.jpeg","_links":{"self":[{"href":"https:\/\/ericante.fr\/index.php?rest_route=\/wp\/v2\/media\/5991","targetHints":{"allow":["GET"]}}],"collection":[{"href":"https:\/\/ericante.fr\/index.php?rest_route=\/wp\/v2\/media"}],"about":[{"href":"https:\/\/ericante.fr\/index.php?rest_route=\/wp\/v2\/types\/attachment"}],"author":[{"embeddable":true,"href":"https:\/\/ericante.fr\/index.php?rest_route=\/wp\/v2\/users\/1"}],"replies":[{"embeddable":true,"href":"https:\/\/ericante.fr\/index.php?rest_route=%2Fwp%2Fv2%2Fcomments&post=5991"}]}}

http://ericante.fr/wp-content/uploads/2019/06/562-Bilbao-dimanche-19-août-2018-à-9h15.jpeg

562 Bilbao dimanche 19 août 2018 à 9h15

<p class="attachment"><a href='https://ericante.fr/wp-content/uploads/2019/06/562-Bilbao-dimanche-19-août-2018-à-9h15.jpeg'><img loading="lazy" decoding="async" width="300" height="149" src="https://ericante.fr/wp-content/uploads/2019/06/562-Bilbao-dimanche-19-août-2018-à-9h15-300x149.jpeg" class="attachment-medium size-medium" alt="" srcset="https://ericante.fr/wp-content/uploads/2019/06/562-Bilbao-dimanche-19-août-2018-à-9h15-300x149.jpeg 300w, https://ericante.fr/wp-content/uploads/2019/06/562-Bilbao-dimanche-19-août-2018-à-9h15-768x382.jpeg 768w, https://ericante.fr/wp-content/uploads/2019/06/562-Bilbao-dimanche-19-août-2018-à-9h15.jpeg 992w" sizes="auto, (max-width: 300px) 100vw, 300px" /></a></p>

2019/06/562-Bilbao-dimanche-19-août-2018-à-9h15.jpeg

562-Bilbao-dimanche-19-août-2018-à-9h15-150x150.jpeg

https://ericante.fr/wp-content/uploads/2019/06/562-Bilbao-dimanche-19-août-2018-à-9h15-150x150.jpeg

562-Bilbao-dimanche-19-août-2018-à-9h15-300x149.jpeg

https://ericante.fr/wp-content/uploads/2019/06/562-Bilbao-dimanche-19-août-2018-à-9h15-300x149.jpeg

562-Bilbao-dimanche-19-août-2018-à-9h15-768x382.jpeg

https://ericante.fr/wp-content/uploads/2019/06/562-Bilbao-dimanche-19-août-2018-à-9h15-768x382.jpeg

562-Bilbao-dimanche-19-août-2018-à-9h15-940x198.jpeg

https://ericante.fr/wp-content/uploads/2019/06/562-Bilbao-dimanche-19-août-2018-à-9h15-940x198.jpeg

562-Bilbao-dimanche-19-août-2018-à-9h15.jpeg

https://ericante.fr/wp-content/uploads/2019/06/562-Bilbao-dimanche-19-août-2018-à-9h15.jpeg
