{"id":3299,"date":"2016-04-23T17:26:32","date_gmt":"2016-04-23T16:26:32","guid":{"rendered":"http:\/\/ericante.fr\/wp-content\/uploads\/2016\/04\/415-Sivota-\u00eele-de-Levkas-Gr\u00e8ce.jpg"},"modified":"2017-07-26T02:31:37","modified_gmt":"2017-07-26T01:31:37","slug":"415-sivota-ile-de-levkas-grece","status":"inherit","type":"attachment","link":"https:\/\/ericante.fr\/?attachment_id=3299","title":{"rendered":"415 Sivota, \u00eele de Levkas, Gr\u00e8ce"},"author":1,"featured_media":0,"comment_status":"open","ping_status":"closed","template":"","meta":{"_monsterinsights_skip_tracking":false,"_uf_show_specific_survey":0,"_uf_disable_surveys":false},"class_list":["post-3299","attachment","type-attachment","status-inherit","hentry"],"description":{"rendered":"<p class=\"attachment\"><a href='https:\/\/ericante.fr\/wp-content\/uploads\/2016\/04\/415-Sivota-\u00eele-de-Levkas-Gr\u00e8ce-e1501032689238.jpg'><img loading=\"lazy\" decoding=\"async\" width=\"300\" height=\"225\" src=\"https:\/\/ericante.fr\/wp-content\/uploads\/2016\/04\/415-Sivota-\u00eele-de-Levkas-Gr\u00e8ce-300x225.jpg\" class=\"attachment-medium size-medium\" alt=\"\" srcset=\"https:\/\/ericante.fr\/wp-content\/uploads\/2016\/04\/415-Sivota-\u00eele-de-Levkas-Gr\u00e8ce-300x225.jpg 300w, https:\/\/ericante.fr\/wp-content\/uploads\/2016\/04\/415-Sivota-\u00eele-de-Levkas-Gr\u00e8ce-768x576.jpg 768w, https:\/\/ericante.fr\/wp-content\/uploads\/2016\/04\/415-Sivota-\u00eele-de-Levkas-Gr\u00e8ce-1024x768.jpg 1024w, https:\/\/ericante.fr\/wp-content\/uploads\/2016\/04\/415-Sivota-\u00eele-de-Levkas-Gr\u00e8ce-e1501032689238.jpg 700w\" sizes=\"auto, (max-width: 300px) 100vw, 300px\" \/><\/a><\/p>\n"},"caption":{"rendered":"<p>Sivota, \u00eele de Levkas, Gr\u00e8ce le jeudi 14 avril 2016 <a href=\"https:\/\/ericante.fr\/?attachment_id=3299\">Continuer la lecture <span class=\"meta-nav\">&rarr;<\/span><\/a><\/p>\n"},"alt_text":"","media_type":"image","mime_type":"image\/jpeg","media_details":{"width":700,"height":525,"file":"2016\/04\/415-Sivota-\u00eele-de-Levkas-Gr\u00e8ce-e1501032689238.jpg","sizes":{"thumbnail":{"file":"415-Sivota-\u00eele-de-Levkas-Gr\u00e8ce-150x150.jpg","width":150,"height":150,"mime_type":"image\/jpeg","source_url":"https:\/\/ericante.fr\/wp-content\/uploads\/2016\/04\/415-Sivota-\u00eele-de-Levkas-Gr\u00e8ce-150x150.jpg"},"medium":{"file":"415-Sivota-\u00eele-de-Levkas-Gr\u00e8ce-300x225.jpg","width":300,"height":225,"mime_type":"image\/jpeg","source_url":"https:\/\/ericante.fr\/wp-content\/uploads\/2016\/04\/415-Sivota-\u00eele-de-Levkas-Gr\u00e8ce-300x225.jpg"},"medium_large":{"file":"415-Sivota-\u00eele-de-Levkas-Gr\u00e8ce-768x576.jpg","width":768,"height":576,"mime_type":"image\/jpeg","source_url":"https:\/\/ericante.fr\/wp-content\/uploads\/2016\/04\/415-Sivota-\u00eele-de-Levkas-Gr\u00e8ce-768x576.jpg"},"large":{"file":"415-Sivota-\u00eele-de-Levkas-Gr\u00e8ce-1024x768.jpg","width":1024,"height":768,"mime_type":"image\/jpeg","source_url":"https:\/\/ericante.fr\/wp-content\/uploads\/2016\/04\/415-Sivota-\u00eele-de-Levkas-Gr\u00e8ce-1024x768.jpg"},"post-thumbnail":{"file":"415-Sivota-\u00eele-de-Levkas-Gr\u00e8ce-940x198.jpg","width":940,"height":198,"mime_type":"image\/jpeg","source_url":"https:\/\/ericante.fr\/wp-content\/uploads\/2016\/04\/415-Sivota-\u00eele-de-Levkas-Gr\u00e8ce-940x198.jpg"},"full":{"file":"415-Sivota-\u00eele-de-Levkas-Gr\u00e8ce-e1501032689238.jpg","width":700,"height":525,"mime_type":"image\/jpeg","source_url":"https:\/\/ericante.fr\/wp-content\/uploads\/2016\/04\/415-Sivota-\u00eele-de-Levkas-Gr\u00e8ce-e1501032689238.jpg"}},"image_meta":{"aperture":"4.2","credit":"","camera":"COOLPIX AW130","caption":"","created_timestamp":"1460647211","copyright":"","focal_length":"6.6","iso":"125","shutter_speed":"0.0015625","title":"","orientation":"1","keywords":[]}},"post":null,"source_url":"https:\/\/ericante.fr\/wp-content\/uploads\/2016\/04\/415-Sivota-\u00eele-de-Levkas-Gr\u00e8ce-e1501032689238.jpg","_links":{"self":[{"href":"https:\/\/ericante.fr\/index.php?rest_route=\/wp\/v2\/media\/3299","targetHints":{"allow":["GET"]}}],"collection":[{"href":"https:\/\/ericante.fr\/index.php?rest_route=\/wp\/v2\/media"}],"about":[{"href":"https:\/\/ericante.fr\/index.php?rest_route=\/wp\/v2\/types\/attachment"}],"author":[{"embeddable":true,"href":"https:\/\/ericante.fr\/index.php?rest_route=\/wp\/v2\/users\/1"}],"replies":[{"embeddable":true,"href":"https:\/\/ericante.fr\/index.php?rest_route=%2Fwp%2Fv2%2Fcomments&post=3299"}]}}

http://ericante.fr/wp-content/uploads/2016/04/415-Sivota-île-de-Levkas-Grèce.jpg

415 Sivota, île de Levkas, Grèce

<p class="attachment"><a href='https://ericante.fr/wp-content/uploads/2016/04/415-Sivota-île-de-Levkas-Grèce-e1501032689238.jpg'><img loading="lazy" decoding="async" width="300" height="225" src="https://ericante.fr/wp-content/uploads/2016/04/415-Sivota-île-de-Levkas-Grèce-300x225.jpg" class="attachment-medium size-medium" alt="" srcset="https://ericante.fr/wp-content/uploads/2016/04/415-Sivota-île-de-Levkas-Grèce-300x225.jpg 300w, https://ericante.fr/wp-content/uploads/2016/04/415-Sivota-île-de-Levkas-Grèce-768x576.jpg 768w, https://ericante.fr/wp-content/uploads/2016/04/415-Sivota-île-de-Levkas-Grèce-1024x768.jpg 1024w, https://ericante.fr/wp-content/uploads/2016/04/415-Sivota-île-de-Levkas-Grèce-e1501032689238.jpg 700w" sizes="auto, (max-width: 300px) 100vw, 300px" /></a></p>

<p>Sivota, île de Levkas, Grèce le jeudi 14 avril 2016 <a href="https://ericante.fr/?attachment_id=3299">Continuer la lecture <span class="meta-nav">&rarr;</span></a></p>

2016/04/415-Sivota-île-de-Levkas-Grèce-e1501032689238.jpg

415-Sivota-île-de-Levkas-Grèce-150x150.jpg

https://ericante.fr/wp-content/uploads/2016/04/415-Sivota-île-de-Levkas-Grèce-150x150.jpg

415-Sivota-île-de-Levkas-Grèce-300x225.jpg

https://ericante.fr/wp-content/uploads/2016/04/415-Sivota-île-de-Levkas-Grèce-300x225.jpg

415-Sivota-île-de-Levkas-Grèce-768x576.jpg

https://ericante.fr/wp-content/uploads/2016/04/415-Sivota-île-de-Levkas-Grèce-768x576.jpg

415-Sivota-île-de-Levkas-Grèce-1024x768.jpg

https://ericante.fr/wp-content/uploads/2016/04/415-Sivota-île-de-Levkas-Grèce-1024x768.jpg

415-Sivota-île-de-Levkas-Grèce-940x198.jpg

https://ericante.fr/wp-content/uploads/2016/04/415-Sivota-île-de-Levkas-Grèce-940x198.jpg

415-Sivota-île-de-Levkas-Grèce-e1501032689238.jpg

https://ericante.fr/wp-content/uploads/2016/04/415-Sivota-île-de-Levkas-Grèce-e1501032689238.jpg
